[INFO] cloning repository https://github.com/bennyyip/read-it-now-bot
[INFO] running `Command { std: "git" "-c" "credential.helper=" "-c" "credential.helper=/workspace/cargo-home/bin/git-credential-null" "clone" "--bare" "https://github.com/bennyyip/read-it-now-bot" "/workspace/cache/git-repos/https%3A%2F%2Fgithub.com%2Fbennyyip%2Fread-it-now-bot", kill_on_drop: false }`
[INFO] [stderr] Cloning into bare repository '/workspace/cache/git-repos/https%3A%2F%2Fgithub.com%2Fbennyyip%2Fread-it-now-bot'...
[INFO] running `Command { std: "git" "rev-parse" "HEAD", kill_on_drop: false }`
[INFO] [stdout] 7dd2a3bdb55437691e392ae72d38da4844cbb8e4
[INFO] checking bennyyip/read-it-now-bot against master#af3c6e733a40e671550e0f0f5aeecaa13772ba56 for pr-74989
[INFO] running `Command { std: "git" "clone" "/workspace/cache/git-repos/https%3A%2F%2Fgithub.com%2Fbennyyip%2Fread-it-now-bot" "/workspace/builds/worker-5/source", kill_on_drop: false }`
[INFO] [stderr] Cloning into '/workspace/builds/worker-5/source'...
[INFO] [stderr] done.
[INFO] validating manifest of git repo https://github.com/bennyyip/read-it-now-bot on toolchain af3c6e733a40e671550e0f0f5aeecaa13772ba56
[INFO] running `Command { std: "/workspace/cargo-home/bin/cargo" "+af3c6e733a40e671550e0f0f5aeecaa13772ba56" "read-manifest" "--manifest-path" "Cargo.toml", kill_on_drop: false }`
[INFO] started tweaking git repo https://github.com/bennyyip/read-it-now-bot
[INFO] removed path dependency telebot from git repo https://github.com/bennyyip/read-it-now-bot
[INFO] finished tweaking git repo https://github.com/bennyyip/read-it-now-bot
[INFO] tweaked toml for git repo https://github.com/bennyyip/read-it-now-bot written to /workspace/builds/worker-5/source/Cargo.toml
[INFO] crate git repo https://github.com/bennyyip/read-it-now-bot already has a lockfile, it will not be regenerated
[INFO] running `Command { std: "/workspace/cargo-home/bin/cargo" "+af3c6e733a40e671550e0f0f5aeecaa13772ba56" "fetch" "--locked" "--manifest-path" "Cargo.toml", kill_on_drop: false }`
[INFO] [stderr] warning: dependency (telebot) specified without providing a local path, Git repository, or version to use. This will be considered an error in future versions
[INFO] [stderr]     Blocking waiting for file lock on package cache
[INFO] [stderr]     Updating crates.io index
[INFO] [stderr] error: the lock file /workspace/builds/worker-5/source/Cargo.lock needs to be updated but --locked was passed to prevent this
[INFO] [stderr] If you want to try to generate the lock file without accessing the network, use the --offline flag.
[INFO] the lockfile is outdated, regenerating it
[INFO] running `Command { std: "/workspace/cargo-home/bin/cargo" "+af3c6e733a40e671550e0f0f5aeecaa13772ba56" "generate-lockfile" "--manifest-path" "Cargo.toml" "-Zno-index-update", kill_on_drop: false }`
[INFO] running `Command { std: "/workspace/cargo-home/bin/cargo" "+af3c6e733a40e671550e0f0f5aeecaa13772ba56" "fetch" "--locked" "--manifest-path" "Cargo.toml", kill_on_drop: false }`
[INFO] [stderr] warning: dependency (telebot) specified without providing a local path, Git repository, or version to use. This will be considered an error in future versions
[INFO] [stderr]     Blocking waiting for file lock on package cache
[INFO] running `Command { std: "docker" "create" "-v" "/var/lib/crater-agent-workspace/builds/worker-5/target:/opt/rustwide/target:rw,Z" "-v" "/var/lib/crater-agent-workspace/builds/worker-5/source:/opt/rustwide/workdir:ro,Z" "-v" "/var/lib/crater-agent-workspace/cargo-home:/opt/rustwide/cargo-home:ro,Z" "-v" "/var/lib/crater-agent-workspace/rustup-home:/opt/rustwide/rustup-home:ro,Z" "-e" "SOURCE_DIR=/opt/rustwide/workdir" "-e" "CARGO_TARGET_DIR=/opt/rustwide/target" "-e" "CARGO_HOME=/opt/rustwide/cargo-home" "-e" "RUSTUP_HOME=/opt/rustwide/rustup-home" "-w" "/opt/rustwide/workdir" "-m" "1610612736" "--user" "0:0" "--network" "none" "rustops/crates-build-env@sha256:d92eaeed33fa75130ca1ee6c8a01d1ffb62bac859dfdfb3450e3e5d1c0146529" "/opt/rustwide/cargo-home/bin/cargo" "+af3c6e733a40e671550e0f0f5aeecaa13772ba56" "metadata" "--no-deps" "--format-version=1", kill_on_drop: false }`
[INFO] [stdout] d3f0e3b7b6e5fbfc50af81e6ef3e11d5e17869d971093ca52ea02512e7cd28c9
[INFO] [stderr] WARNING: Your kernel does not support swap limit capabilities or the cgroup is not mounted. Memory limited without swap.
[INFO] running `Command { std: "docker" "start" "-a" "d3f0e3b7b6e5fbfc50af81e6ef3e11d5e17869d971093ca52ea02512e7cd28c9", kill_on_drop: false }`
[INFO] running `Command { std: "docker" "inspect" "d3f0e3b7b6e5fbfc50af81e6ef3e11d5e17869d971093ca52ea02512e7cd28c9", kill_on_drop: false }`
[INFO] running `Command { std: "docker" "rm" "-f" "d3f0e3b7b6e5fbfc50af81e6ef3e11d5e17869d971093ca52ea02512e7cd28c9", kill_on_drop: false }`
[INFO] [stdout] d3f0e3b7b6e5fbfc50af81e6ef3e11d5e17869d971093ca52ea02512e7cd28c9
[INFO] running `Command { std: "docker" "create" "-v" "/var/lib/crater-agent-workspace/builds/worker-5/target:/opt/rustwide/target:rw,Z" "-v" "/var/lib/crater-agent-workspace/builds/worker-5/source:/opt/rustwide/workdir:ro,Z" "-v" "/var/lib/crater-agent-workspace/cargo-home:/opt/rustwide/cargo-home:ro,Z" "-v" "/var/lib/crater-agent-workspace/rustup-home:/opt/rustwide/rustup-home:ro,Z" "-e" "SOURCE_DIR=/opt/rustwide/workdir" "-e" "CARGO_TARGET_DIR=/opt/rustwide/target" "-e" "CARGO_INCREMENTAL=0" "-e" "RUST_BACKTRACE=full" "-e" "RUSTFLAGS=--cap-lints=forbid" "-e" "CARGO_HOME=/opt/rustwide/cargo-home" "-e" "RUSTUP_HOME=/opt/rustwide/rustup-home" "-w" "/opt/rustwide/workdir" "-m" "1610612736" "--user" "0:0" "--network" "none" "rustops/crates-build-env@sha256:d92eaeed33fa75130ca1ee6c8a01d1ffb62bac859dfdfb3450e3e5d1c0146529" "/opt/rustwide/cargo-home/bin/cargo" "+af3c6e733a40e671550e0f0f5aeecaa13772ba56" "check" "--frozen" "--all" "--all-targets" "--message-format=json", kill_on_drop: false }`
[INFO] [stdout] 3e3a3498d5cc535c5065bdf759e79711431b609ce384a6200951d061544c8072
[INFO] [stderr] WARNING: Your kernel does not support swap limit capabilities or the cgroup is not mounted. Memory limited without swap.
[INFO] running `Command { std: "docker" "start" "-a" "3e3a3498d5cc535c5065bdf759e79711431b609ce384a6200951d061544c8072", kill_on_drop: false }`
[INFO] [stderr] warning: dependency (telebot) specified without providing a local path, Git repository, or version to use. This will be considered an error in future versions
[INFO] [stderr]    Compiling libc v0.2.77
[INFO] [stderr]     Checking cfg-if v0.1.10
[INFO] [stderr]    Compiling autocfg v1.0.1
[INFO] [stderr]    Compiling log v0.4.11
[INFO] [stderr]     Checking lazy_static v1.4.0
[INFO] [stderr]     Checking slab v0.4.2
[INFO] [stderr]     Checking futures v0.1.29
[INFO] [stderr]     Checking fnv v1.0.7
[INFO] [stderr]    Compiling proc-macro2 v1.0.21
[INFO] [stderr]    Compiling unicode-xid v0.2.1
[INFO] [stderr]    Compiling byteorder v1.3.4
[INFO] [stderr]    Compiling semver-parser v0.7.0
[INFO] [stderr]    Compiling maybe-uninit v2.0.0
[INFO] [stderr]     Checking either v1.6.0
[INFO] [stderr]     Checking scopeguard v1.1.0
[INFO] [stderr]    Compiling pkg-config v0.3.18
[INFO] [stderr]    Compiling cc v1.0.59
[INFO] [stderr]    Compiling memchr v2.3.3
[INFO] [stderr]     Checking futures-core v0.3.5
[INFO] [stderr]    Compiling version_check v0.9.2
[INFO] [stderr]     Checking futures-sink v0.3.5
[INFO] [stderr]    Compiling proc-macro-nested v0.1.6
[INFO] [stderr]    Compiling bitflags v1.2.1
[INFO] [stderr]     Checking foreign-types-shared v0.1.1
[INFO] [stderr]    Compiling serde_derive v1.0.116
[INFO] [stderr]     Checking pin-utils v0.1.0
[INFO] [stderr]     Checking pin-project-lite v0.1.7
[INFO] [stderr]    Compiling serde v1.0.116
[INFO] [stderr]     Checking futures-io v0.3.5
[INFO] [stderr]     Checking adler v0.2.3
[INFO] [stderr]    Compiling getrandom v0.1.15
[INFO] [stderr]     Checking tinyvec v0.3.4
[INFO] [stderr]     Checking gimli v0.22.0
[INFO] [stderr]     Checking rustc-demangle v0.1.16
[INFO] [stderr]    Compiling ryu v1.0.5
[INFO] [stderr]     Checking object v0.20.0
[INFO] [stderr]    Compiling encoding_rs v0.8.24
[INFO] [stderr]     Checking percent-encoding v2.1.0
[INFO] [stderr]     Checking ppv-lite86 v0.2.9
[INFO] [stderr]     Checking base64 v0.12.3
[INFO] [stderr]     Checking scoped-tls v0.1.2
[INFO] [stderr]     Checking ipnet v2.3.0
[INFO] [stderr]     Checking rand_core v0.3.1
[INFO] [stderr]     Checking lock_api v0.3.4
[INFO] [stderr]     Checking tracing-core v0.1.16
[INFO] [stderr]     Checking futures-channel v0.3.5
[INFO] [stderr]    Compiling semver v0.9.0
[INFO] [stderr]     Checking http v0.2.1
[INFO] [stderr]     Checking foreign-types v0.3.2
[INFO] [stderr]    Compiling crossbeam-utils v0.7.2
[INFO] [stderr]    Compiling memoffset v0.5.5
[INFO] [stderr]    Compiling indexmap v1.6.0
[INFO] [stderr]    Compiling crossbeam-epoch v0.8.2
[INFO] [stderr]    Compiling miniz_oxide v0.4.2
[INFO] [stderr]    Compiling unicase v2.6.0
[INFO] [stderr]    Compiling error-chain v0.12.4
[INFO] [stderr]     Checking unicode-normalization v0.1.13
[INFO] [stderr]     Checking rand_isaac v0.1.1
[INFO] [stderr]     Checking rand_hc v0.1.0
[INFO] [stderr]     Checking rand_xorshift v0.1.1
[INFO] [stderr]    Compiling rustc_version v0.2.3
[INFO] [stderr]     Checking rand_chacha v0.1.1
[INFO] [stderr]     Checking tokio-sync v0.1.8
[INFO] [stderr]     Checking smallvec v0.6.13
[INFO] [stderr]     Checking want v0.2.0
[INFO] [stderr]     Checking tracing v0.1.19
[INFO] [stderr]     Checking want v0.3.0
[INFO] [stderr]    Compiling telebot-derive v0.0.14
[INFO] [stderr]    Compiling quote v1.0.7
[INFO] [stderr]    Compiling parking_lot_core v0.6.2
[INFO] [stderr]    Compiling parking_lot v0.9.0
[INFO] [stderr]    Compiling hyper v0.12.35
[INFO] [stderr]     Checking idna v0.2.0
[INFO] [stderr]     Checking iovec v0.1.4
[INFO] [stderr]     Checking net2 v0.2.35
[INFO] [stderr]     Checking num_cpus v1.13.0
[INFO] [stderr]     Checking time v0.1.44
[INFO] [stderr]     Checking rand_os v0.1.3
[INFO] [stderr]     Checking rand v0.5.6
[INFO] [stderr]     Checking socket2 v0.3.15
[INFO] [stderr]    Compiling syn v1.0.40
[INFO] [stderr]     Checking tokio-executor v0.1.10
[INFO] [stderr]     Checking crossbeam-queue v0.2.3
[INFO] [stderr]    Compiling mime_guess v2.0.3
[INFO] [stderr]    Compiling openssl-sys v0.9.58
[INFO] [stderr]     Checking bytes v0.4.12
[INFO] [stderr]     Checking mio v0.6.22
[INFO] [stderr]     Checking rand v0.6.5
[INFO] [stderr]     Checking futures-cpupool v0.1.8
[INFO] [stderr]     Checking rand_core v0.5.1
[INFO] [stderr]     Checking tokio-timer v0.2.13
[INFO] [stderr]     Checking tokio-current-thread v0.1.7
[INFO] [stderr]     Checking url v2.1.1
[INFO] [stderr]     Checking crossbeam-deque v0.7.3
[INFO] [stderr]     Checking rand_chacha v0.2.2
[INFO] [stderr]     Checking http-body v0.3.1
[INFO] [stderr]     Checking tokio-io v0.1.13
[INFO] [stderr]     Checking http v0.1.21
[INFO] [stderr]     Checking string v0.2.1
[INFO] [stderr]     Checking tokio-buf v0.1.1
[INFO] [stderr]     Checking addr2line v0.13.0
[INFO] [stderr]     Checking futures-retry v0.3.3
[INFO] [stderr]     Checking tokio-threadpool v0.1.18
[INFO] [stderr]     Checking rand v0.7.3
[INFO] [stderr]     Checking mio-uds v0.6.8
[INFO] [stderr]     Checking tokio v0.2.22
[INFO] [stderr]     Checking backtrace v0.3.50
[INFO] [stderr]    Compiling openssl v0.10.30
[INFO] [stderr]    Compiling native-tls v0.2.4
[INFO] [stderr]     Checking tokio-reactor v0.1.12
[INFO] [stderr]     Checking tokio-codec v0.1.2
[INFO] [stderr]     Checking uuid v0.7.4
[INFO] [stderr]     Checking tokio-udp v0.1.6
[INFO] [stderr]     Checking tokio-tcp v0.1.4
[INFO] [stderr]     Checking tokio-uds v0.2.7
[INFO] [stderr]     Checking tokio-fs v0.1.7
[INFO] [stderr]     Checking tokio v0.1.22
[INFO] [stderr]     Checking tokio-core v0.1.17
[INFO] [stderr]     Checking http-body v0.1.0
[INFO] [stderr]     Checking h2 v0.1.26
[INFO] [stderr]     Checking common-multipart-rfc7578 v0.1.2
[INFO] [stderr]     Checking tokio-util v0.3.1
[INFO] [stderr]     Checking tokio-tls v0.3.1
[INFO] [stderr]    Compiling synstructure v0.12.4
[INFO] [stderr]    Compiling pin-project-internal v0.4.23
[INFO] [stderr]    Compiling futures-macro v0.3.5
[INFO] [stderr]    Compiling failure_derive v0.1.8
[INFO] [stderr]     Checking hyper-tls v0.3.2
[INFO] [stderr]     Checking hyper-multipart-rfc7578 v0.3.1
[INFO] [stderr]     Checking failure v0.1.8
[INFO] [stderr]     Checking pin-project v0.4.23
[INFO] [stderr]     Checking futures-util v0.3.5
[INFO] [stderr]     Checking h2 v0.2.6
[INFO] [stderr]     Checking futures-executor v0.3.5
[INFO] [stderr]     Checking futures v0.3.5
[INFO] [stderr]     Checking erased-serde v0.3.12
[INFO] [stderr]     Checking serde_urlencoded v0.6.1
[INFO] [stderr]     Checking serde_json v1.0.57
[INFO] [stderr]     Checking telebot v0.3.1
[INFO] [stderr]     Checking hyper v0.13.7
[INFO] [stderr]     Checking hyper-tls v0.4.3
[INFO] [stderr]     Checking reqwest v0.10.8
[INFO] [stderr]     Checking read-it-now-bot v0.1.0 (/opt/rustwide/workdir)
[INFO] [stdout] error[E0433]: failed to resolve: could not find `RcBot` in `bot`
[INFO] [stdout]   --> src/main.rs:39:27
[INFO] [stdout]    |
[INFO] [stdout] 39 |     let bot = lp.run(bot::RcBot::new(handle, &token)).unwrap();
[INFO] [stdout]    |                           ^^^^^ could not find `RcBot` in `bot`
[INFO] [stdout] 
[INFO] [stdout] 
[INFO] [stdout] error[E0425]: cannot find function `sample` in crate `rand`
[INFO] [stdout]   --> src/main.rs:44:30
[INFO] [stdout]    |
[INFO] [stdout] 44 |     let sample_items = rand::sample(&mut rng, &items, pocket.article_count());
[INFO] [stdout]    |                              ^^^^^^ not found in `rand`
[INFO] [stdout]    |
[INFO] [stdout] help: consider importing this function
[INFO] [stdout]    |
[INFO] [stdout] 15 | use rand::seq::index::sample;
[INFO] [stdout]    |
[INFO] [stdout] 
[INFO] [stdout] 
[INFO] [stdout] warning: trait objects without an explicit `dyn` are deprecated
[INFO] [stdout]   --> src/main.rs:66:26
[INFO] [stdout]    |
[INFO] [stdout] 66 |                      Box<Future<Item = (), Error = telebot::Error>>;
[INFO] [stdout]    |                          ^^^^^^^^^^^^^^^^^^^^^^^^^^^^^^^^^^^^^^^^^ help: use `dyn`: `dyn Future<Item = (), Error = telebot::Error>`
[INFO] [stdout]    |
[INFO] [stdout]    = note: `#[warn(bare_trait_objects)]` on by default
[INFO] [stdout] 
[INFO] [stdout] 
[INFO] [stdout] warning: trait objects without an explicit `dyn` are deprecated
[INFO] [stdout]   --> src/main.rs:69:22
[INFO] [stdout]    |
[INFO] [stdout] 69 |                  Box<Future<Item = (), Error = telebot::Error>>
[INFO] [stdout]    |                      ^^^^^^^^^^^^^^^^^^^^^^^^^^^^^^^^^^^^^^^^^ help: use `dyn`: `dyn Future<Item = (), Error = telebot::Error>`
[INFO] [stdout] 
[INFO] [stdout] 
[INFO] [stdout] error[E0433]: failed to resolve: could not find `RcBot` in `bot`
[INFO] [stdout]   --> src/main.rs:39:27
[INFO] [stdout]    |
[INFO] [stdout] 39 |     let bot = lp.run(bot::RcBot::new(handle, &token)).unwrap();
[INFO] [stdout]    |                           ^^^^^ could not find `RcBot` in `bot`
[INFO] [stdout] 
[INFO] [stdout] 
[INFO] [stdout] error[E0425]: cannot find function `sample` in crate `rand`
[INFO] [stdout]   --> src/main.rs:44:30
[INFO] [stdout]    |
[INFO] [stdout] 44 |     let sample_items = rand::sample(&mut rng, &items, pocket.article_count());
[INFO] [stdout]    |                              ^^^^^^ not found in `rand`
[INFO] [stdout]    |
[INFO] [stdout] help: consider importing this function
[INFO] [stdout]    |
[INFO] [stdout] 15 | use rand::seq::index::sample;
[INFO] [stdout]    |
[INFO] [stdout] 
[INFO] [stdout] 
[INFO] [stdout] warning: trait objects without an explicit `dyn` are deprecated
[INFO] [stdout]   --> src/main.rs:66:26
[INFO] [stdout]    |
[INFO] [stdout] 66 |                      Box<Future<Item = (), Error = telebot::Error>>;
[INFO] [stdout]    |                          ^^^^^^^^^^^^^^^^^^^^^^^^^^^^^^^^^^^^^^^^^ help: use `dyn`: `dyn Future<Item = (), Error = telebot::Error>`
[INFO] [stdout]    |
[INFO] [stdout]    = note: `#[warn(bare_trait_objects)]` on by default
[INFO] [stdout] 
[INFO] [stdout] 
[INFO] [stdout] warning: trait objects without an explicit `dyn` are deprecated
[INFO] [stdout]   --> src/main.rs:69:22
[INFO] [stdout]    |
[INFO] [stdout] 69 |                  Box<Future<Item = (), Error = telebot::Error>>
[INFO] [stdout]    |                      ^^^^^^^^^^^^^^^^^^^^^^^^^^^^^^^^^^^^^^^^^ help: use `dyn`: `dyn Future<Item = (), Error = telebot::Error>`
[INFO] [stdout] 
[INFO] [stdout] 
[INFO] [stdout] error[E0220]: associated type `Item` not found for `futures::Future`
[INFO] [stdout]   --> src/main.rs:66:33
[INFO] [stdout]    |
[INFO] [stdout] 66 |                      Box<Future<Item = (), Error = telebot::Error>>;
[INFO] [stdout]    |                                 ^^^^ associated type `Item` not found
[INFO] [stdout] 
[INFO] [stdout] 
[INFO] [stdout] error[E0220]: associated type `Error` not found for `futures::Future`
[INFO] [stdout]   --> src/main.rs:66:44
[INFO] [stdout]    |
[INFO] [stdout] 66 |                      Box<Future<Item = (), Error = telebot::Error>>;
[INFO] [stdout]    |                                            ^^^^^ associated type `Error` not found
[INFO] [stdout] 
[INFO] [stdout] 
[INFO] [stdout] error[E0191]: the value of the associated type `Output` (from trait `futures::Future`) must be specified
[INFO] [stdout]   --> src/main.rs:66:26
[INFO] [stdout]    |
[INFO] [stdout] 66 |                      Box<Future<Item = (), Error = telebot::Error>>;
[INFO] [stdout]    |                          ^^^^^^^^^^^^^^^^^^^^^^^^^^^^^^^^^^^^^^^^^ help: specify the associated type: `Future<Item = (), Error = telebot::Error, Output = Type>`
[INFO] [stdout] 
[INFO] [stdout] 
[INFO] [stdout] error[E0220]: associated type `Item` not found for `futures::Future`
[INFO] [stdout]   --> src/main.rs:66:33
[INFO] [stdout]    |
[INFO] [stdout] 66 |                      Box<Future<Item = (), Error = telebot::Error>>;
[INFO] [stdout]    |                                 ^^^^ associated type `Item` not found
[INFO] [stdout] 
[INFO] [stdout] 
[INFO] [stdout] error[E0220]: associated type `Error` not found for `futures::Future`
[INFO] [stdout]   --> src/main.rs:66:44
[INFO] [stdout]    |
[INFO] [stdout] 66 |                      Box<Future<Item = (), Error = telebot::Error>>;
[INFO] [stdout]    |                                            ^^^^^ associated type `Error` not found
[INFO] [stdout] 
[INFO] [stdout] 
[INFO] [stdout] error[E0191]: the value of the associated type `Output` (from trait `futures::Future`) must be specified
[INFO] [stdout]   --> src/main.rs:66:26
[INFO] [stdout]    |
[INFO] [stdout] 66 |                      Box<Future<Item = (), Error = telebot::Error>>;
[INFO] [stdout]    |                          ^^^^^^^^^^^^^^^^^^^^^^^^^^^^^^^^^^^^^^^^^ help: specify the associated type: `Future<Item = (), Error = telebot::Error, Output = Type>`
[INFO] [stdout] 
[INFO] [stdout] 
[INFO] [stdout] error[E0220]: associated type `Item` not found for `futures::Future`
[INFO] [stdout]   --> src/main.rs:69:29
[INFO] [stdout]    |
[INFO] [stdout] 69 |                  Box<Future<Item = (), Error = telebot::Error>>
[INFO] [stdout]    |                             ^^^^ associated type `Item` not found
[INFO] [stdout] 
[INFO] [stdout] 
[INFO] [stdout] error[E0220]: associated type `Error` not found for `futures::Future`
[INFO] [stdout]   --> src/main.rs:69:40
[INFO] [stdout]    |
[INFO] [stdout] 69 |                  Box<Future<Item = (), Error = telebot::Error>>
[INFO] [stdout]    |                                        ^^^^^ associated type `Error` not found
[INFO] [stdout] 
[INFO] [stdout] 
[INFO] [stdout] error[E0191]: the value of the associated type `Output` (from trait `futures::Future`) must be specified
[INFO] [stdout]   --> src/main.rs:69:22
[INFO] [stdout]    |
[INFO] [stdout] 69 |                  Box<Future<Item = (), Error = telebot::Error>>
[INFO] [stdout]    |                      ^^^^^^^^^^^^^^^^^^^^^^^^^^^^^^^^^^^^^^^^^ help: specify the associated type: `Future<Item = (), Error = telebot::Error, Output = Type>`
[INFO] [stdout] 
[INFO] [stdout] 
[INFO] [stdout] error[E0220]: associated type `Item` not found for `futures::Future`
[INFO] [stdout]   --> src/main.rs:69:29
[INFO] [stdout]    |
[INFO] [stdout] 69 |                  Box<Future<Item = (), Error = telebot::Error>>
[INFO] [stdout]    |                             ^^^^ associated type `Item` not found
[INFO] [stdout] 
[INFO] [stdout] 
[INFO] [stdout] error[E0220]: associated type `Error` not found for `futures::Future`
[INFO] [stdout]   --> src/main.rs:69:40
[INFO] [stdout]    |
[INFO] [stdout] 69 |                  Box<Future<Item = (), Error = telebot::Error>>
[INFO] [stdout]    |                                        ^^^^^ associated type `Error` not found
[INFO] [stdout] 
[INFO] [stdout] 
[INFO] [stdout] error[E0191]: the value of the associated type `Output` (from trait `futures::Future`) must be specified
[INFO] [stdout]   --> src/main.rs:69:22
[INFO] [stdout]    |
[INFO] [stdout] 69 |                  Box<Future<Item = (), Error = telebot::Error>>
[INFO] [stdout]    |                      ^^^^^^^^^^^^^^^^^^^^^^^^^^^^^^^^^^^^^^^^^ help: specify the associated type: `Future<Item = (), Error = telebot::Error, Output = Type>`
[INFO] [stdout] 
[INFO] [stdout] 
[INFO] [stdout] error: the `and_then` method cannot be invoked on a trait object
[INFO] [stdout]    --> src/main.rs:68:34
[INFO] [stdout]     |
[INFO] [stdout] 68  |         future = Box::new(future.and_then(|_| msg.send().and_then(|_| Ok(())))) as
[INFO] [stdout]     |                                  ^^^^^^^^
[INFO] [stdout]     | 
[INFO] [stdout]    ::: /opt/rustwide/cargo-home/registry/src/github.com-1ecc6299db9ec823/futures-util-0.3.5/src/future/try_future/mod.rs:391:15
[INFO] [stdout]     |
[INFO] [stdout] 391 |         Self: Sized,
[INFO] [stdout]     |               ----- this has a `Sized` requirement
[INFO] [stdout]     |
[INFO] [stdout] help: another candidate was found in the following trait, perhaps add a `use` for it:
[INFO] [stdout]     |
[INFO] [stdout] 15  | use futures::TryFutureExt;
[INFO] [stdout]     |
[INFO] [stdout] 
[INFO] [stdout] 
[INFO] [stdout] error: the `and_then` method cannot be invoked on a trait object
[INFO] [stdout]    --> src/main.rs:68:34
[INFO] [stdout]     |
[INFO] [stdout] 68  |         future = Box::new(future.and_then(|_| msg.send().and_then(|_| Ok(())))) as
[INFO] [stdout]     |                                  ^^^^^^^^
[INFO] [stdout]     | 
[INFO] [stdout]    ::: /opt/rustwide/cargo-home/registry/src/github.com-1ecc6299db9ec823/futures-util-0.3.5/src/future/try_future/mod.rs:391:15
[INFO] [stdout]     |
[INFO] [stdout] 391 |         Self: Sized,
[INFO] [stdout]     |               ----- this has a `Sized` requirement
[INFO] [stdout]     |
[INFO] [stdout] help: another candidate was found in the following trait, perhaps add a `use` for it:
[INFO] [stdout]     |
[INFO] [stdout] 15  | use futures::TryFutureExt;
[INFO] [stdout]     |
[INFO] [stdout] 
[INFO] [stdout] 
[INFO] [stdout] error[E0277]: the trait bound `dyn futures::Future: futures::future::Future` is not satisfied
[INFO] [stdout]   --> src/main.rs:71:12
[INFO] [stdout]    |
[INFO] [stdout] 71 |     lp.run(future).unwrap();
[INFO] [stdout]    |            ^^^^^^ the trait `futures::future::Future` is not implemented for `dyn futures::Future`
[INFO] [stdout]    |
[INFO] [stdout]    = note: required because of the requirements on the impl of `futures::future::Future` for `Box<dyn futures::Future>`
[INFO] [stdout] 
[INFO] [stdout] 
[INFO] [stdout] error[E0277]: the trait bound `dyn futures::Future: futures::future::Future` is not satisfied
[INFO] [stdout]   --> src/main.rs:71:12
[INFO] [stdout]    |
[INFO] [stdout] 71 |     lp.run(future).unwrap();
[INFO] [stdout]    |            ^^^^^^ the trait `futures::future::Future` is not implemented for `dyn futures::Future`
[INFO] [stdout]    |
[INFO] [stdout]    = note: required because of the requirements on the impl of `futures::future::Future` for `Box<dyn futures::Future>`
[INFO] [stdout] 
[INFO] [stdout] 
[INFO] [stdout] error[E0599]: no method named `expect` found for struct `Client` in the current scope
[INFO] [stdout]   --> src/pocket.rs:52:45
[INFO] [stdout]    |
[INFO] [stdout] 52 |         let client = reqwest::Client::new().expect("cannot create client");
[INFO] [stdout]    |                                             ^^^^^^ method not found in `Client`
[INFO] [stdout] 
[INFO] [stdout] 
[INFO] [stdout] error[E0599]: no method named `expect` found for struct `Client` in the current scope
[INFO] [stdout]   --> src/pocket.rs:52:45
[INFO] [stdout]    |
[INFO] [stdout] 52 |         let client = reqwest::Client::new().expect("cannot create client");
[INFO] [stdout]    |                                             ^^^^^^ method not found in `Client`
[INFO] [stdout] 
[INFO] [stdout] 
[INFO] [stdout] error[E0599]: no method named `chain_err` found for opaque type `impl futures::Future` in the current scope
[INFO] [stdout]   --> src/pocket.rs:69:14
[INFO] [stdout]    |
[INFO] [stdout] 69 |             .chain_err(|| "failed to retrive articles")?;
[INFO] [stdout]    |              ^^^^^^^^^ method not found in `impl futures::Future`
[INFO] [stdout]    |
[INFO] [stdout]    = help: items from traits can only be used if the trait is implemented and in scope
[INFO] [stdout] note: `errors::ResultExt` defines an item `chain_err`, perhaps you need to implement it
[INFO] [stdout]   --> src/errors.rs:1:1
[INFO] [stdout]    |
[INFO] [stdout] 1  | error_chain!{}
[INFO] [stdout]    | ^^^^^^^^^^^^^^
[INFO] [stdout]    = note: this error originates in a macro (in Nightly builds, run with -Z macro-backtrace for more info)
[INFO] [stdout] 
[INFO] [stdout] 
[INFO] [stdout] error[E0599]: no method named `chain_err` found for opaque type `impl futures::Future` in the current scope
[INFO] [stdout]   --> src/pocket.rs:69:14
[INFO] [stdout]    |
[INFO] [stdout] 69 |             .chain_err(|| "failed to retrive articles")?;
[INFO] [stdout]    |              ^^^^^^^^^ method not found in `impl futures::Future`
[INFO] [stdout]    |
[INFO] [stdout]    = help: items from traits can only be used if the trait is implemented and in scope
[INFO] [stdout] note: `errors::ResultExt` defines an item `chain_err`, perhaps you need to implement it
[INFO] [stdout]   --> src/errors.rs:1:1
[INFO] [stdout]    |
[INFO] [stdout] 1  | error_chain!{}
[INFO] [stdout]    | ^^^^^^^^^^^^^^
[INFO] [stdout]    = note: this error originates in a macro (in Nightly builds, run with -Z macro-backtrace for more info)
[INFO] [stdout] 
[INFO] [stdout] 
[INFO] [stdout] error[E0277]: the trait bound `Response: std::io::Read` is not satisfied
[INFO] [stdout]     --> src/pocket.rs:71:12
[INFO] [stdout]      |
[INFO] [stdout] 71   |         Ok(serde_json::from_reader::<reqwest::Response, PocketResponse>(response)
[INFO] [stdout]      |            ^^^^^^^^^^^^^^^^^^^^^^^^^^^^^^^^^^^^^^^^^^^^^^^^^^^^^^^^^^^^ the trait `std::io::Read` is not implemented for `Response`
[INFO] [stdout]      | 
[INFO] [stdout]     ::: /opt/rustwide/cargo-home/registry/src/github.com-1ecc6299db9ec823/serde_json-1.0.57/src/de.rs:2499:8
[INFO] [stdout]      |
[INFO] [stdout] 2499 |     R: crate::io::Read,
[INFO] [stdout]      |        --------------- required by this bound in `from_reader`
[INFO] [stdout] 
[INFO] [stdout] 
[INFO] [stdout] error[E0277]: the trait bound `Response: std::io::Read` is not satisfied
[INFO] [stdout]     --> src/pocket.rs:71:12
[INFO] [stdout]      |
[INFO] [stdout] 71   |         Ok(serde_json::from_reader::<reqwest::Response, PocketResponse>(response)
[INFO] [stdout]      |            ^^^^^^^^^^^^^^^^^^^^^^^^^^^^^^^^^^^^^^^^^^^^^^^^^^^^^^^^^^^^ the trait `std::io::Read` is not implemented for `Response`
[INFO] [stdout]      | 
[INFO] [stdout]     ::: /opt/rustwide/cargo-home/registry/src/github.com-1ecc6299db9ec823/serde_json-1.0.57/src/de.rs:2499:8
[INFO] [stdout]      |
[INFO] [stdout] 2499 |     R: crate::io::Read,
[INFO] [stdout]      |        --------------- required by this bound in `from_reader`
[INFO] [stdout] 
[INFO] [stdout] 
[INFO] [stdout] error[E0599]: no method named `json` found for struct `RequestBuilder` in the current scope
[INFO] [stdout]   --> src/pocket.rs:96:14
[INFO] [stdout]    |
[INFO] [stdout] 96 |             .json(&params)
[INFO] [stdout]    |              ^^^^ method not found in `RequestBuilder`
[INFO] [stdout] 
[INFO] [stdout] 
[INFO] [stdout] error[E0599]: no method named `json` found for struct `RequestBuilder` in the current scope
[INFO] [stdout]   --> src/pocket.rs:96:14
[INFO] [stdout]    |
[INFO] [stdout] 96 |             .json(&params)
[INFO] [stdout]    |              ^^^^ method not found in `RequestBuilder`
[INFO] [stdout] 
[INFO] [stdout] 
[INFO] [stdout] warning: unused import: `telebot::functions`
[INFO] [stdout]   --> src/main.rs:19:5
[INFO] [stdout]    |
[INFO] [stdout] 19 | use telebot::functions::*;
[INFO] [stdout]    |     ^^^^^^^^^^^^^^^^^^
[INFO] [stdout]    |
[INFO] [stdout]    = note: `#[warn(unused_imports)]` on by default
[INFO] [stdout] 
[INFO] [stdout] 
[INFO] [stdout] warning: unused import: `telebot::functions`
[INFO] [stdout]   --> src/main.rs:19:5
[INFO] [stdout]    |
[INFO] [stdout] 19 | use telebot::functions::*;
[INFO] [stdout]    |     ^^^^^^^^^^^^^^^^^^
[INFO] [stdout]    |
[INFO] [stdout]    = note: `#[warn(unused_imports)]` on by default
[INFO] [stdout] 
[INFO] [stdout] 
[INFO] [stdout] error: aborting due to 14 previous errors; 3 warnings emitted
[INFO] [stdout] 
[INFO] [stdout] 
[INFO] [stdout] Some errors have detailed explanations: E0191, E0220, E0277, E0425, E0433, E0599.
[INFO] [stdout] 
[INFO] [stdout] For more information about an error, try `rustc --explain E0191`.
[INFO] [stdout] 
[INFO] [stdout] error: aborting due to 14 previous errors; 3 warnings emitted
[INFO] [stdout] 
[INFO] [stdout] 
[INFO] [stdout] Some errors have detailed explanations: E0191, E0220, E0277, E0425, E0433, E0599.
[INFO] [stdout] 
[INFO] [stdout] For more information about an error, try `rustc --explain E0191`.
[INFO] [stdout] 
[INFO] [stderr] error: could not compile `read-it-now-bot`.
[INFO] [stderr] 
[INFO] [stderr] To learn more, run the command again with --verbose.
[INFO] [stderr] warning: build failed, waiting for other jobs to finish...
[INFO] [stderr] error: build failed
[INFO] running `Command { std: "docker" "inspect" "3e3a3498d5cc535c5065bdf759e79711431b609ce384a6200951d061544c8072", kill_on_drop: false }`
[INFO] running `Command { std: "docker" "rm" "-f" "3e3a3498d5cc535c5065bdf759e79711431b609ce384a6200951d061544c8072", kill_on_drop: false }`
[INFO] [stdout] 3e3a3498d5cc535c5065bdf759e79711431b609ce384a6200951d061544c8072
